{"id":21,"date":"2025-04-23T02:01:27","date_gmt":"2025-04-23T00:01:27","guid":{"rendered":"https:\/\/corriinviola.eleonorapanfili.it\/?page_id=21"},"modified":"2025-04-25T16:48:49","modified_gmt":"2025-04-25T14:48:49","slug":"personalita-istj","status":"publish","type":"page","link":"https:\/\/corriinviola.eleonorapanfili.it\/index.php\/il-gioco-della-personalita\/personalita-istj\/","title":{"rendered":"Personalit\u00e0 1"},"content":{"rendered":"\n<div class=\"wp-block-group alignfull is-style-section-1 has-global-padding is-layout-constrained wp-container-core-group-is-layout-cdf985e3 wp-block-group-is-layout-constrained is-style-section-1--1\" style=\"min-height:100vh;margin-top:0;margin-bottom:0;padding-top:var(--wp--preset--spacing--80);padding-right:var(--wp--preset--spacing--80);padding-bottom:var(--wp--preset--spacing--80);padding-left:var(--wp--preset--spacing--80)\">\n<div class=\"wp-block-columns alignwide are-vertically-aligned-center is-layout-flex wp-container-core-columns-is-layout-643ced6b wp-block-columns-is-layout-flex\">\n<div class=\"wp-block-column is-vertically-aligned-center is-layout-flow wp-block-column-is-layout-flow\">\n<figure class=\"wp-block-image aligncenter size-full has-custom-border\"><img loading=\"lazy\" decoding=\"async\" width=\"1024\" height=\"1024\" src=\"https:\/\/corriinviola.eleonorapanfili.it\/wp-content\/uploads\/2025\/04\/immagine_2025-04-23_020706213.png\" alt=\"\" class=\"wp-image-26\" style=\"border-top-left-radius:150px;border-bottom-right-radius:150px;object-fit:cover\" srcset=\"https:\/\/corriinviola.eleonorapanfili.it\/wp-content\/uploads\/2025\/04\/immagine_2025-04-23_020706213.png 1024w, https:\/\/corriinviola.eleonorapanfili.it\/wp-content\/uploads\/2025\/04\/immagine_2025-04-23_020706213-300x300.png 300w, https:\/\/corriinviola.eleonorapanfili.it\/wp-content\/uploads\/2025\/04\/immagine_2025-04-23_020706213-150x150.png 150w, https:\/\/corriinviola.eleonorapanfili.it\/wp-content\/uploads\/2025\/04\/immagine_2025-04-23_020706213-768x768.png 768w\" sizes=\"auto, (max-width: 1024px) 100vw, 1024px\" \/><\/figure>\n<\/div>\n\n\n\n<div class=\"wp-block-column is-vertically-aligned-center is-layout-flow wp-block-column-is-layout-flow\">\n<div class=\"wp-block-group is-vertical is-content-justification-stretch is-layout-flex wp-container-core-group-is-layout-353c4f5a wp-block-group-is-layout-flex\">\n<h2 class=\"wp-block-heading has-text-align-left\">Personalit\u00e0 1<\/h2>\n<\/div>\n\n\n\n<p>DESCRIZIONE<br>Questa personalit\u00e0 affronta ogni giorno con seriet\u00e0 e organizzazione. Ha una forte etica del lavoro che non conosce eguali in ufficio. Prova orgoglio per la propria vita ricca di responsabilit\u00e0 e soddisfazioni, che ha conquistato lavorando sodo, con dedizione e costanza.<\/p>\n\n\n\n<p>PUNTI DI FORZA<br>Coscienziosa, pratica, concreta, leale.<\/p>\n\n\n\n<p>PUNTI DI DEBOLEZZA<br>Pu\u00f2 essere eccessivamente rigida, ostinata, avversa ai cambiamenti, perfezionista.<\/p>\n\n\n\n<p>UN CONSIGLIO<br>Trova il modo per esprimere il tuo lato artistico e lascia uscire alla luce del giorno il tuo bambino interiore. Ogni tanto ricordati di prendere una pausa dal lavoro e di concederti una piccola coccola. Impara ad accettare che &#8220;sufficientemente buono&#8221; \u00e8 abbastanza, non occorre che sia perfetto.\u00a0\u00a0\u00a0\u00a0\u00a0<\/p>\n<\/div>\n<\/div>\n<\/div>\n","protected":false},"excerpt":{"rendered":"<p>Personalit\u00e0 1 DESCRIZIONEQuesta personalit\u00e0 affronta ogni giorno con seriet\u00e0 e organizzazione. Ha una forte etica del lavoro che non conosce eguali in ufficio. Prova orgoglio per la propria vita ricca di responsabilit\u00e0 e soddisfazioni, che ha conquistato lavorando sodo, con dedizione e costanza. PUNTI DI FORZACoscienziosa, pratica, concreta, leale. PUNTI DI DEBOLEZZAPu\u00f2 essere eccessivamente rigida, [&hellip;]<\/p>\n","protected":false},"author":1,"featured_media":0,"parent":6,"menu_order":0,"comment_status":"closed","ping_status":"closed","template":"","meta":{"footnotes":""},"class_list":["post-21","page","type-page","status-publish","hentry"],"_links":{"self":[{"href":"https:\/\/corriinviola.eleonorapanfili.it\/index.php\/wp-json\/wp\/v2\/pages\/21","targetHints":{"allow":["GET"]}}],"collection":[{"href":"https:\/\/corriinviola.eleonorapanfili.it\/index.php\/wp-json\/wp\/v2\/pages"}],"about":[{"href":"https:\/\/corriinviola.eleonorapanfili.it\/index.php\/wp-json\/wp\/v2\/types\/page"}],"author":[{"embeddable":true,"href":"https:\/\/corriinviola.eleonorapanfili.it\/index.php\/wp-json\/wp\/v2\/users\/1"}],"replies":[{"embeddable":true,"href":"https:\/\/corriinviola.eleonorapanfili.it\/index.php\/wp-json\/wp\/v2\/comments?post=21"}],"version-history":[{"count":6,"href":"https:\/\/corriinviola.eleonorapanfili.it\/index.php\/wp-json\/wp\/v2\/pages\/21\/revisions"}],"predecessor-version":[{"id":104,"href":"https:\/\/corriinviola.eleonorapanfili.it\/index.php\/wp-json\/wp\/v2\/pages\/21\/revisions\/104"}],"up":[{"embeddable":true,"href":"https:\/\/corriinviola.eleonorapanfili.it\/index.php\/wp-json\/wp\/v2\/pages\/6"}],"wp:attachment":[{"href":"https:\/\/corriinviola.eleonorapanfili.it\/index.php\/wp-json\/wp\/v2\/media?parent=21"}],"curies":[{"name":"wp","href":"https:\/\/api.w.org\/{rel}","templated":true}]}}